{"id":49770,"date":"2024-07-07T20:44:17","date_gmt":"2024-07-07T20:44:17","guid":{"rendered":"https:\/\/kuquet.com\/?page_id=49770"},"modified":"2024-11-07T01:58:33","modified_gmt":"2024-11-07T00:58:33","slug":"preguntas-frecuentes","status":"publish","type":"page","link":"https:\/\/www.cuentorelatos.com\/archivos\/preguntas-frecuentes\/","title":{"rendered":"Preguntas frecuentes"},"content":{"rendered":"<div class=\"td-fix-index\">\n<h5><span style=\"font-size: 16px;\"><strong>\u00bfDesde d\u00f3nde puedo acceder a cuentorelatos.com?<\/strong><\/span><\/h5>\n<h5><span style=\"font-size: 16px;\">Desde donde quieras y con cualquier dispositivo.<\/span><\/h5>\n<h5><span style=\"font-size: 16px;\"><strong>\u00bfTiene alg\u00fan coste acceder a cuentorelatos.com?<\/strong><\/span><\/h5>\n<h5><span style=\"font-size: 16px;\">No, cuentorelatos.com no cobra por acceder a su web. Tampoco compensa a los autores. La \u00fanica exigencia consiste en hacerlo de forma responsable y con respeto al resto de usuarios.<\/span><\/h5>\n<h5><span style=\"font-size: 16px;\"><strong>\u00bfQu\u00e9 servicios de la web puedo utilizar?<\/strong><\/span><\/h5>\n<h5><span style=\"font-size: 16px;\">Para navegar por nuestras p\u00e1ginas no es necesario estar registrado. No obstante, es imprescindible hacerlo para publicar relatos.<\/span><\/h5>\n<h5><span style=\"font-size: 16px;\"><strong>\u00bfQu\u00e9 tipo de material puedo publicar?<\/strong><\/span><\/h5>\n<h5><span style=\"font-size: 16px;\">Puesto que cuentorelatos.com es una web enfocada a la publicaci\u00f3n de relatos, \u00fanicamente ser\u00e1 admitido cualquier contenido que tenga este formato o uno similar (salvo los comentarios que los usuarios quieran dejar en estos).<\/span><\/h5>\n<h5><span style=\"font-size: 16px;\">Relatos o textos que no incumplan alguno de los puntos especificados en las <a class=\"tds-button5 tdm-btn tdm-btn-sm tdi_24 \" title=\"Informaci\u00f3n para autores\" href=\"https:\/\/www.cuentorelatos.com\/archivos\/informacion-autores\/\"><span class=\"tdm-btn-text\">Informaci\u00f3n para autores<\/span><\/a>.<\/span><\/h5>\n<h5><span style=\"font-size: 16px;\"><strong>\u00bfQu\u00e9 tipo de protecci\u00f3n tienen mis relatos o el material que publique?<\/strong><\/span><\/h5>\n<h5><span style=\"font-size: 16px;\">Conscientes del esfuerzo y sacrificio que supone para los autores elaborar sus obras y del temor de la mayor\u00eda a que sean usados de forma no deseable, incluimos en los relatos una licencia <a href=\"http:\/\/creativecommons.org\/licenses\/\" target=\"_blank\" rel=\"noopener\">Creative Commons 4.0 Internacional<\/a>.<\/span><\/h5>\n<h5><span style=\"font-size: 16px;\">No podemos garantizar la eficacia de esta medida porque no depende de nosotros, pero al menos es un paso importante en defensa de tus intereses.<\/span><\/h5>\n<h5><span style=\"font-size: 16px;\"><strong>\u00bfPor qu\u00e9 han desaparecido uno de mis relatos o comentarios, algunos o todos?<\/strong><\/span><\/h5>\n<h5><span style=\"font-size: 16px;\">Debido a que no todo est\u00e1 permitido, si se da este caso, lo m\u00e1s seguro es que hayan sido eliminados por no ce\u00f1irte a las normas.<\/span><\/h5>\n<h5><span style=\"font-size: 16px;\"><strong>\u00bfPor qu\u00e9 no puedo publicar relatos y\/o comentarios?<\/strong><\/span><\/h5>\n<h5><span style=\"font-size: 16px;\">Si no puedes hacerlo, ser\u00e1 por una de estas dos razones:<\/span><\/h5>\n<h5><span style=\"font-size: 16px;\">1- No has iniciado sesi\u00f3n.<\/span><\/h5>\n<h5><span style=\"font-size: 16px;\">2- Se te ha privado de tu derecho a hacerlo por incumplir de forma grave las normas para la publicaci\u00f3n de relatos y\/o comentarios. En casos muy graves, tu cuenta puede ser eliminada de forma permanente.<\/span><\/h5>\n<h5><span style=\"font-size: 16px;\"><strong>\u00bfEsta web es apropiada para cualquier usuario?<\/strong><\/span><\/h5>\n<h5><span style=\"font-size: 16px;\">Debido a que una buena parte de los contenidos no son aptos para menores de edad, estos deber\u00edan abstenerse de entrar. La limitaci\u00f3n vendr\u00e1 determinada en funci\u00f3n del pa\u00eds desde el que nos visitan y que en el caso de Espa\u00f1a son 18 a\u00f1os.<\/span><\/h5>\n<h5><span style=\"font-size: 16px;\">Si eres padre y tienes hijos menores de edad, es responsabilidad tuya impedir que ellos puedan acceder al sitio web. Para conseguirlo, dispones de servicios en Internet que lo hacen posible.<\/span><\/h5>\n<h5><span style=\"font-size: 16px;\"><strong>\u00bfQu\u00e9 es lo que no se me permite hacer?<\/strong><\/span><\/h5>\n<h5><span style=\"font-size: 16px;\">Por norma general, est\u00e1 permitido todo aquello que no vulnere las leyes o sea contrario a lo moralmente admisible por la mayor\u00eda. No solo se trata de tener libertad, sino que esta no puede ser empleada para da\u00f1ar a los dem\u00e1s. De modo resumido, no est\u00e1 permitido lo siguiente:<\/span><\/h5>\n<h5><span style=\"font-size: 16px;\">Da\u00f1ar a los menores de edad de cualquier modo (incluyendo su participaci\u00f3n como personajes en escenas de corte sexual), amenazar, da\u00f1ar, insultar, acosar, discriminar, promover publicidad de ning\u00fan tipo, vulnerar la intimidad de los usuarios, alterar el sitio web o tratar de hacerlo, promover la pirater\u00eda, etc.<\/span><\/h5>\n<h5><span style=\"font-size: 16px;\">Este tipo de conductas puede suponer, sin previo aviso, la suspensi\u00f3n de la cuenta de los infractores.<\/span><\/h5>\n<h5><span style=\"font-size: 16px;\"><strong>\u00bfC\u00f3mo puedo eliminar mis relatos y\/o comentarios?<\/strong><\/span><\/h5>\n<h5><span style=\"font-size: 16px;\">-La eliminaci\u00f3n de relatos se regir\u00e1 por lo siguiente:<\/span><\/h5>\n<h5><span style=\"font-size: 16px;\">Al enviar un relato, aceptas que este sea eliminado \u00fanicamente cuando los administradores estimen que no interfiere en el correcto funcionamiento de este sitio web, salvo que por las normas de uso deba ser eliminado. Se considera que un relato publicado en un medio p\u00fablico y gratuito (cuentorelatos.com lo es) es una aportaci\u00f3n voluntaria a un colectivo y que su eliminaci\u00f3n privar\u00eda a dicho colectivo del acceso a la informaci\u00f3n que contiene. As\u00ed mismo, eliminar un relato supone un perjuicio a los usuarios que lo valoran y\/o comentan, porque ver\u00edan disminuido su n\u00famero de valoraciones y\/o comentarios sin la debida explicaci\u00f3n (informar a todos y cada uno de estos usuarios es imposible).<\/span><\/h5>\n<h5><span style=\"font-size: 16px;\">Con esta norma se pretende evitar, igualmente, que un usuario o varios alteren el correcto funcionamiento del sitio web publicando relatos para luego solicitar su eliminaci\u00f3n, con los trastornos que esto supone\u00bb.<\/span><\/h5>\n<h5><span style=\"font-size: 16px;\">-Respecto a los comentarios, entendemos que el autor de un relato tiene derecho a decidir cu\u00e1les quiere y cu\u00e1les no. Por ello, puede solicitar la eliminaci\u00f3n mediante el correspondiente reporte alegando las razones que estime oportunas.<\/span><\/h5>\n<h5><span style=\"font-size: 16px;\">Los usuarios en general, pueden solicitar la eliminaci\u00f3n de sus propios comentarios cuando lo deseen, del modo especificado en el p\u00e1rrafo anterior y con los mismos efectos.<\/span><\/h5>\n<h5><span style=\"font-size: 16px;\"><strong>\u00bfQu\u00e9 datos personales comparto como usuario registrado?<\/strong><\/span><\/h5>\n<h5><span style=\"font-size: 16px;\">La privacidad y libertad de nuestros usuarios es una de nuestras prioridades. Para registrarte solo necesitamos un nombre de usuario, una direcci\u00f3n de correo (que no tiene por qu\u00e9 ser la habitual) y una contrase\u00f1a para iniciar sesi\u00f3n. En tu perfil de usuario tienes la posibilidad de cambiar estos datos cuando quieras o a\u00f1adir otros de forma voluntaria a fin de darte a conocer al resto. La informaci\u00f3n que compartes es libre y voluntaria. El email lo puedes dejar en modo invisible si lo deseas. Lo realmente importante es que nunca debes dejar vac\u00edos los campos \u201cnombre de usuario\u201d, \u201ccontrase\u00f1a\u201d y \u201cemail\u201d, porque sin ellos tu cuenta queda inutilizada al no poder identificarte en el inicio de sesi\u00f3n (la base de datos no guardar\u00eda estos datos para contrastarlos). El resto de campos los puedes rellenar o no seg\u00fan tu criterio.<\/span><\/h5>\n<h5><span style=\"font-size: 16px;\"><strong>\u00bfQu\u00e9 son las cookies, para qu\u00e9 sirven y qu\u00e9 ocurre si las bloqueo en mi navegador?<\/strong><\/span><\/h5>\n<h5><span style=\"font-size: 16px;\">\u201cCookie es un fichero que se descarga en su ordenador al acceder a determinadas p\u00e1ginas web. Las cookies permiten a una p\u00e1gina web, entre otras cosas, almacenar y recuperar informaci\u00f3n sobre los h\u00e1bitos de navegaci\u00f3n de un usuario o de su equipo y, dependiendo de la informaci\u00f3n que contengan y de la forma en que utilice su equipo, pueden utilizarse para reconocer al usuario. El navegador del usuario memoriza cookies en el disco duro solamente durante la sesi\u00f3n actual ocupando un espacio de memoria m\u00ednimo y no perjudicando al ordenador. Las cookies no contienen ninguna clase de informaci\u00f3n personal espec\u00edfica, y la mayor\u00eda de las mismas se borran del disco duro al finalizar la sesi\u00f3n de navegador (las denominadas cookies de sesi\u00f3n)\u201d. Esta es la t\u00edpica denominaci\u00f3n que suele hacerse sobre las cookies y que plasmamos aqu\u00ed, literalmente, desde nuestra p\u00e1gina<a href=\"https:\/\/www.cuentorelatos.com\/archivos\/politica-de-cookies\/\"> Pol\u00edtica de Cookies<\/a>.<\/span><\/h5>\n<h5><span style=\"font-size: 16px;\">Como no podemos saber las condiciones t\u00e9cnicas de cada usuario, tan solo podemos resumir que, si bloqueas las cookies en tu navegador, es posible que no puedas acceder a ciertas p\u00e1ginas o servicios, que tu navegaci\u00f3n sea lenta y pesada e, incluso, que no puedas iniciar sesi\u00f3n.<\/span><\/h5>\n<h5><span style=\"font-size: 16px;\"><strong>\u00bfC\u00f3mo puedo dar de baja mi cuenta de usuario?<\/strong><\/span><\/h5>\n<h5><span style=\"font-size: 16px;\">Puesto que como usuario puedes modificar los datos de tu perfil, eliminar los que desees y modificar tu direcci\u00f3n de correo electr\u00f3nico, estas acciones son equiparables a la eliminaci\u00f3n de tu cuenta. No obstante, puedes solicitarnos que la eliminemos.<\/span><\/h5>\n<h5><span style=\"font-size: 16px;\"><strong>\u00bfPor qu\u00e9 ha desaparecido la imagen de mi relato?<\/strong><\/span><\/h5>\n<h5><span style=\"font-size: 16px;\">Como que no podemos garantizar la propiedad de las im\u00e1genes que se adjuntan con los relatos, tan solo se te permite incluir el link del sitio donde se encuentran alojadas. Si dichas im\u00e1genes desaparecen de ese sitio, el enlace queda inservible y la imagen se va. Es por esta raz\u00f3n que recomendamos que la imagen que ilustre tu relato la subas a una p\u00e1gina o \u00e1lbum propio que controles (p\u00e1gina de Facebook, \u00e1lbum de Picasa o similar).<\/span><\/h5>\n<h5><span style=\"font-size: 16px;\"><strong>\u00bfPor qu\u00e9 no se ha publicado el relato que envi\u00e9?<\/strong><\/span><\/h5>\n<h5><span style=\"font-size: 16px;\">Debes tener en cuenta que no siempre es posible publicar los relatos seg\u00fan los recibimos. El plazo que manejamos oscila, en la medida de lo posible, entre unos pocos minutos y 24 horas. Rogamos paciencia si no lo ves publicado dentro de este plazo.<\/span><\/h5>\n<h5><span style=\"font-size: 16px;\">Si pasado este tiempo sigue sin publicarse y desaparece de tu perfil como \u201cMis relatos pendientes de publicaci\u00f3n\u201d, esto significa que ha sido eliminado por incumplir alguno de los supuestos especificados en las <a href=\"https:\/\/www.kuquet.com\/preguntas-frecuentes\/\" target=\"_blank\" rel=\"noopener\">Normas de Publicaci\u00f3n.<\/a><\/span><\/h5>\n<h5><span style=\"font-size: 16px;\"><strong>\u00bfPuede haber relatos duplicados?<\/strong><\/span><\/h5>\n<h5><span style=\"font-size: 16px;\">La respuesta es NO.<\/span><\/h5>\n<h5><span style=\"font-size: 16px;\">Lo normal es que un usuario se moleste si, tras emplear un tiempo precioso, descubre que lo que est\u00e1 leyendo ya lo ley\u00f3 en otro momento, publicado por el mismo autor o por otro distinto (o bajo un nombre diferente).<\/span><\/h5>\n<h5><span style=\"font-size: 16px;\">Por otro lado, no est\u00e1 bien visto en Internet la duplicidad de contenidos. Tampoco por los navegadores, que penalizan las p\u00e1ginas duplicadas.<\/span><\/h5>\n<h5><span style=\"font-size: 16px;\">Informaci\u00f3n ampliada:<\/span><\/h5>\n<h5><span style=\"font-size: 16px;\"><a href=\"https:\/\/www.cuentorelatos.com\/archivos\/condiciones-uso-aviso-legal\/\">\u2013 Condiciones de uso y aviso legal<\/a><\/span><\/h5>\n<h5><span style=\"font-size: 16px;\"><a href=\"https:\/\/www.cuentorelatos.com\/archivos\/politica-de-cookies\/\">\u2013 Pol\u00edtica de cookies<\/a><\/span><\/h5>\n<h5><span style=\"font-size: 16px;\"><a href=\"https:\/\/www.cuentorelatos.com\/archivos\/proteccion-datos\/\">\u2013 Protecci\u00f3n de datos<\/a><\/span><\/h5>\n<h5><span style=\"font-size: 16px;\"><a href=\"https:\/\/www.cuentorelatos.com\/archivos\/informacion-autores\/\">\u2013 Informaci\u00f3n para autores<\/a><\/span><\/h5>\n<\/div>\n<div class=\"pvc_clear\"><\/div>\n<p id=\"pvc_stats_49770\" class=\"pvc_stats total_only  \" data-element-id=\"49770\" style=\"\"><i class=\"pvc-stats-icon medium\" aria-hidden=\"true\"><svg aria-hidden=\"true\" focusable=\"false\" data-prefix=\"far\" data-icon=\"chart-bar\" role=\"img\" xmlns=\"http:\/\/www.w3.org\/2000\/svg\" viewBox=\"0 0 512 512\" class=\"svg-inline--fa fa-chart-bar fa-w-16 fa-2x\"><path fill=\"currentColor\" d=\"M396.8 352h22.4c6.4 0 12.8-6.4 12.8-12.8V108.8c0-6.4-6.4-12.8-12.8-12.8h-22.4c-6.4 0-12.8 6.4-12.8 12.8v230.4c0 6.4 6.4 12.8 12.8 12.8zm-192 0h22.4c6.4 0 12.8-6.4 12.8-12.8V140.8c0-6.4-6.4-12.8-12.8-12.8h-22.4c-6.4 0-12.8 6.4-12.8 12.8v198.4c0 6.4 6.4 12.8 12.8 12.8zm96 0h22.4c6.4 0 12.8-6.4 12.8-12.8V204.8c0-6.4-6.4-12.8-12.8-12.8h-22.4c-6.4 0-12.8 6.4-12.8 12.8v134.4c0 6.4 6.4 12.8 12.8 12.8zM496 400H48V80c0-8.84-7.16-16-16-16H16C7.16 64 0 71.16 0 80v336c0 17.67 14.33 32 32 32h464c8.84 0 16-7.16 16-16v-16c0-8.84-7.16-16-16-16zm-387.2-48h22.4c6.4 0 12.8-6.4 12.8-12.8v-70.4c0-6.4-6.4-12.8-12.8-12.8h-22.4c-6.4 0-12.8 6.4-12.8 12.8v70.4c0 6.4 6.4 12.8 12.8 12.8z\" class=\"\"><\/path><\/svg><\/i> <img decoding=\"async\" width=\"16\" height=\"16\" alt=\"Loading\" src=\"https:\/\/www.cuentorelatos.com\/archivos\/wp-content\/plugins\/page-views-count\/ajax-loader-2x.gif\" =0 title=\"\"><\/p>\n<div class=\"pvc_clear\"><\/div>\n","protected":false},"excerpt":{"rendered":"<p>\u00bfDesde d\u00f3nde puedo acceder a cuentorelatos.com? Desde donde quieras y con cualquier dispositivo. \u00bfTiene alg\u00fan coste acceder a cuentorelatos.com? No, cuentorelatos.com no cobra por acceder a su web. Tampoco compensa a los autores. La \u00fanica exigencia consiste en hacerlo de forma responsable y con respeto al resto de usuarios. \u00bfQu\u00e9 servicios de la web puedo [&hellip;]<\/p>\n<div class=\"pvc_clear\"><\/div>\n<p id=\"pvc_stats_49770\" class=\"pvc_stats total_only  \" data-element-id=\"49770\" style=\"\"><i class=\"pvc-stats-icon medium\" aria-hidden=\"true\"><svg aria-hidden=\"true\" focusable=\"false\" data-prefix=\"far\" data-icon=\"chart-bar\" role=\"img\" xmlns=\"http:\/\/www.w3.org\/2000\/svg\" viewBox=\"0 0 512 512\" class=\"svg-inline--fa fa-chart-bar fa-w-16 fa-2x\"><path fill=\"currentColor\" d=\"M396.8 352h22.4c6.4 0 12.8-6.4 12.8-12.8V108.8c0-6.4-6.4-12.8-12.8-12.8h-22.4c-6.4 0-12.8 6.4-12.8 12.8v230.4c0 6.4 6.4 12.8 12.8 12.8zm-192 0h22.4c6.4 0 12.8-6.4 12.8-12.8V140.8c0-6.4-6.4-12.8-12.8-12.8h-22.4c-6.4 0-12.8 6.4-12.8 12.8v198.4c0 6.4 6.4 12.8 12.8 12.8zm96 0h22.4c6.4 0 12.8-6.4 12.8-12.8V204.8c0-6.4-6.4-12.8-12.8-12.8h-22.4c-6.4 0-12.8 6.4-12.8 12.8v134.4c0 6.4 6.4 12.8 12.8 12.8zM496 400H48V80c0-8.84-7.16-16-16-16H16C7.16 64 0 71.16 0 80v336c0 17.67 14.33 32 32 32h464c8.84 0 16-7.16 16-16v-16c0-8.84-7.16-16-16-16zm-387.2-48h22.4c6.4 0 12.8-6.4 12.8-12.8v-70.4c0-6.4-6.4-12.8-12.8-12.8h-22.4c-6.4 0-12.8 6.4-12.8 12.8v70.4c0 6.4 6.4 12.8 12.8 12.8z\" class=\"\"><\/path><\/svg><\/i> <img decoding=\"async\" width=\"16\" height=\"16\" alt=\"Loading\" src=\"https:\/\/www.cuentorelatos.com\/archivos\/wp-content\/plugins\/page-views-count\/ajax-loader-2x.gif\" border=0 \/><\/p>\n<div class=\"pvc_clear\"><\/div>\n","protected":false},"author":1,"featured_media":0,"parent":0,"menu_order":0,"comment_status":"closed","ping_status":"closed","template":"","meta":{"footnotes":""},"class_list":["post-49770","page","type-page","status-publish"],"a3_pvc":{"activated":true,"total_views":6013,"today_views":4},"_links":{"self":[{"href":"https:\/\/www.cuentorelatos.com\/archivos\/wp-json\/wp\/v2\/pages\/49770","targetHints":{"allow":["GET"]}}],"collection":[{"href":"https:\/\/www.cuentorelatos.com\/archivos\/wp-json\/wp\/v2\/pages"}],"about":[{"href":"https:\/\/www.cuentorelatos.com\/archivos\/wp-json\/wp\/v2\/types\/page"}],"author":[{"embeddable":true,"href":"https:\/\/www.cuentorelatos.com\/archivos\/wp-json\/wp\/v2\/users\/1"}],"replies":[{"embeddable":true,"href":"https:\/\/www.cuentorelatos.com\/archivos\/wp-json\/wp\/v2\/comments?post=49770"}],"version-history":[{"count":6,"href":"https:\/\/www.cuentorelatos.com\/archivos\/wp-json\/wp\/v2\/pages\/49770\/revisions"}],"predecessor-version":[{"id":52698,"href":"https:\/\/www.cuentorelatos.com\/archivos\/wp-json\/wp\/v2\/pages\/49770\/revisions\/52698"}],"wp:attachment":[{"href":"https:\/\/www.cuentorelatos.com\/archivos\/wp-json\/wp\/v2\/media?parent=49770"}],"curies":[{"name":"wp","href":"https:\/\/api.w.org\/{rel}","templated":true}]}}