{"id":50710,"date":"2024-07-24T06:03:06","date_gmt":"2024-07-24T04:03:06","guid":{"rendered":"https:\/\/www.cuentorelatos.com\/?page_id=50710"},"modified":"2024-11-07T01:57:44","modified_gmt":"2024-11-07T00:57:44","slug":"informacion-autores","status":"publish","type":"page","link":"https:\/\/www.cuentorelatos.com\/archivos\/informacion-autores\/","title":{"rendered":"Informaci\u00f3n para autores"},"content":{"rendered":"<p><span style=\"font-size: 16px;\"><strong>RECOMENDACIONES:<\/strong><\/span><\/p>\n<p><span style=\"font-size: 16px;\">1\u00aa- Para asegurarte de que el relato se env\u00eda tal y como pretendes, es recomendable que lo edites en tu procesador de textos y lo pegues en el \u00e1rea del relato.<\/span><\/p>\n<p><span style=\"font-size: 16px;\">2\u00aa- Procura repasar el texto antes de enviarlo y corregir las faltas de ortograf\u00eda o de expresi\u00f3n. Ten en cuenta que gran parte del \u00e9xito de un relato depende de este factor y que tus lectores lo agradecer\u00e1n. En tu procesador de textos encontrar\u00e1s una pesta\u00f1a de \u201crevisi\u00f3n ortogr\u00e1fica\u201d (o similar) que te puede ser de gran ayuda; no obstante, ten en cuenta que estos correctores no obran milagros y que solo corrigen las faltas evidentes.<\/span><\/p>\n<p><span style=\"font-size: 16px;\">3\u00aa- No redactes tu relato en un solo p\u00e1rrafo, procura distribuirlo en p\u00e1rrafos no demasiado grandes y NO abuses de las may\u00fasculas, los puntos suspensivos y excesivas letras repetidas en una misma palabra (un &#8216;aaah&#8217; dice lo mismo que un &#8216;aaaaaaaaaaaaaah&#8217;, por poner un ejemplo). Estas pr\u00e1cticas resultan molestas para la vista y no ser\u00e1n publicados los relatos que NO sigan estas recomendaciones.<\/span><\/p>\n<p><span style=\"font-size: 16px;\">4\u00aa- En el t\u00edtulo puedes usar hasta un m\u00e1ximo de 70 caracteres (incluidos los espacios). Hemos pensado que es m\u00e1s que suficiente para aquellos autores que escriben relatos en varios cap\u00edtulos o partes y necesitan a\u00f1adir algo al t\u00edtulo general. Evidentemente, puedes usar los 70 caracteres.<\/span><\/p>\n<p><span style=\"font-size: 16px;\">5\u00aa- El resumen viene a ser como el tr\u00e1iler de una pel\u00edcula y, como en ellos, deber\u00edas seducir a los lectores con un avance que les atrape. Para tu resumen dispones de un m\u00e1ximo de 300 caracteres (incluidos los espacios). Sumados a los 80 del t\u00edtulo, deber\u00edan ser m\u00e1s que suficientes.<\/span><\/p>\n<p><span style=\"font-size: 16px;\">6\u00aa- Elige la categor\u00eda que mejor se adapte al contenido de tu relato (tienes muchas donde elegir). Piensa que algunos lectores pueden sentirse decepcionados si relato y categor\u00eda no concuerdan. Sin lugar a dudas, muchos de ellos pueden penalizar tu relato con una mala puntuaci\u00f3n y echar por tierra todo tu esfuerzo e ilusi\u00f3n al escribirlo.<\/span><\/p>\n<p><span style=\"font-size: 16px;\"><strong>INFORMACI\u00d3N:<\/strong><\/span><\/p>\n<p><span style=\"font-size: 16px;\">1- Los relatos correctamente enviados ser\u00e1n publicados en el menor plazo de tiempo posible, pudiendo oscilar este entre unos pocos minutos y 24 horas.<\/span><\/p>\n<p><span style=\"font-size: 16px;\">2- Aquellos relatos que, por cualquier motivo, afecten de forma negativa a la imagen o funcionamiento de la web ser\u00e1n retenidos y sus autores informados de la incidencia para que en un plazo razonable la subsanen. Si no responden al requerimiento o corrigen los defectos, los administradores adoptar\u00e1n las medidas que estimen oportunas. Estas podr\u00e1n ir desde corregirlos personalmente (siempre que no afecte al texto original) hasta eliminarlos del sistema y no publicarlos (solo en aquellos casos en que la intervenci\u00f3n del autor sea crucial y este no responda al requerimiento).<\/span><\/p>\n<p><span style=\"font-size: 16px;\">3- La publicaci\u00f3n de los relatos ser\u00e1 totalmente gratuita y www.cuentorelatos.com \u00fanicamente exigir\u00e1 buena fe a los autores. Para saber qu\u00e9 se puede publicar y en qu\u00e9 condiciones, echa un vistazo a las Normas de publicaci\u00f3n y resoluci\u00f3n de incidencias que informamos a continuaci\u00f3n.<\/span><\/p>\n<p><span style=\"font-size: 16px;\"><strong>NORMAS DE PUBLICACI\u00d3N:<\/strong><\/span><\/p>\n<p><span style=\"font-size: 16px;\">En cuentorelatos.com estamos abiertos a cualquier tipo de tem\u00e1tica y contenido, pero todo tiene ciertos l\u00edmites. Como norma general, no ser\u00e1n publicados o ser\u00e1n eliminados los relatos o textos que incluyan contenidos expresamente prohibidos en el territorio espa\u00f1ol o que incumplan alguno\/s de los siguientes supuestos:<\/span><\/p>\n<p><span style=\"font-size: 16px;\">1\u00ba- Im\u00e1genes que muestren a menores de edad no ser\u00e1n admitidas. En caso de duda, ser\u00e1n los administradores quienes decidan si deben ser publicadas o no.<\/span><\/p>\n<p><span style=\"font-size: 16px;\">2\u00ba- Relatos o textos en los que se narran escenas sexuales entre personajes menores de 18 a\u00f1os o con ellos. Si no se especifica edad alguna, pero se interpreta o intuye que son menores, bastar\u00e1 para que estos relatos sean rechazados.<\/span><\/p>\n<p><span style=\"font-size: 16px;\">Aunque no existen en la legislaci\u00f3n espa\u00f1ola (por la que se rige este sitio web) normas que proh\u00edban expresamente este tipo de contenidos, la Ley s\u00ed proh\u00edbe el acceso de los menores a sitios para adultos (cuentorelatos.com lo es). Debido a esto \u00faltimo, entendemos que, si los menores no pueden acceder a este sitio, lo correcto, a nuestro entender, es que no se hable de ellos, ni se los utilice como personajes interviniendo en escenas er\u00f3ticas.<\/span><\/p>\n<p><span style=\"font-size: 16px;\">Por consiguiente, todos los relatos que incumplan esta norma, no ser\u00e1n publicados y tampoco se informar\u00e1 a sus autores de dicha circunstancia. En caso de que el relato haya sido publicado, ser\u00e1 eliminado en cuanto tengamos conocimiento de su existencia e, igualmente, sus autores no ser\u00e1n informados.<\/span><\/p>\n<p><span style=\"font-size: 16px;\">Excepcionalmente, y siempre que las circunstancias lo permitan, al enviar un relato aceptas que los administradores modifiquen o eliminen la edad de los menores a fin de poder publicarlo sin incumplir esta norma.<\/span><\/p>\n<p><span style=\"font-size: 16px;\">Para el resto de las escenas no hay limitaci\u00f3n alguna.<\/span><\/p>\n<p><span style=\"font-size: 16px;\">3\u00ba- Relatos o textos en los que se haga apolog\u00eda de alg\u00fan delito perseguido por las leyes o normas vigentes en el territorio espa\u00f1ol. Si los administradores tuviesen noticia sobre el contenido il\u00edcito de dichos relatos, los retirar\u00e1n cuanto antes e informar\u00e1n a las autoridades competentes.<\/span><\/p>\n<p><span style=\"font-size: 16px;\">4\u00ba- Relatos o textos de zoofilia. Debido a la creciente concienciaci\u00f3n referente al respeto hacia los animales, no hemos incluido dicha categor\u00eda en nuestra web. Por ello, ser\u00e1n eliminados todos aquellos relatos que versen sobre sexo con animales o maltrato.<\/span><\/p>\n<p><span style=\"font-size: 16px;\">5\u00ba- Relatos o textos con numerosas faltas de ortograf\u00eda (incluidos los acentos), ausencia de comas o puntos donde correspondan, abuso de los puntos suspensivos (especialmente cuando sustituyan a las comas y los puntos seguido y aparte), exceso de errores gramaticales, abuso de elementos tipo &#8220;Aaaahhhhhhh&#8221;, &#8220;uuummmmm&#8221;, &#8220;me corrooooooo&#8221;, etc.<\/span><\/p>\n<p><span style=\"font-size: 16px;\">6\u00ba- Relatos o textos cuyo formato sea desagradable o malintencionado: textos en un solo p\u00e1rrafo, en may\u00fasculas, con tama\u00f1os de letra exagerados, palabras incompletas (&#8216;q&#8217; o &#8216;k&#8217; en lugar de &#8216;que&#8217;, &#8216;x&#8217; en lugar de &#8216;por&#8217;, &#8216;t&#8217; en lugar de &#8216;te&#8217;, etc.) y otros de similares caracter\u00edsticas.<\/span><\/p>\n<p><span style=\"font-size: 16px;\">7\u00ba- Relatos o textos cuya finalidad consista en humillar, herir, molestar o perjudicar de cualquier forma a personas o colectivos concretos. Algunos ejemplos pueden ser: las mujeres, los hombres, menores, discapacitados, personas de cualquier orientaci\u00f3n sexual, religiosa, pol\u00edtica, etc.<\/span><\/p>\n<p><span style=\"font-size: 16px;\">8\u00ba- Relatos o textos que promuevan o fomenten la bulimia y\/o la anorexia.<\/span><\/p>\n<p><span style=\"font-size: 16px;\">9\u00ba- Relatos o textos en los que intervengan personajes que representen a disminuidos de cualquier tipo siempre y cuando sean tratados con desprecio o sin la consideraci\u00f3n debida.<\/span><\/p>\n<p><span style=\"font-size: 16px;\">10\u00ba- Relatos o textos de car\u00e1cter xen\u00f3fobo y\/o racista.<\/span><\/p>\n<p><span style=\"font-size: 16px;\">11\u00ba- Relatos o textos publicados en otros sitios. Salvo que tengamos plena certeza de que son enviados por sus leg\u00edtimos autores, entenderemos que son tomados de esos otros sitios, pr\u00e1ctica que puede ser interpretada como &#8220;robo&#8221;, &#8220;plagio&#8221;, &#8220;copia&#8221;, etc. La imagen de cuentorelatos.com es primordial para nosotros y no la mancharemos con estos relatos.<\/span><\/p>\n<p><span style=\"font-size: 16px;\">12\u00ba- Otros relatos o textos, no especificados, que puedan ser perjudiciales para la web y\/o sus usuarios. cuentorelatos.com se reserva el derecho a juzgarlos unilateralmente en defensa de sus intereses y usuarios.<\/span><\/p>\n<p><span style=\"font-size: 16px;\">13\u00ba- Para la publicaci\u00f3n de relatos tambi\u00e9n es aplicable lo estipulado, de forma general, en los T\u00e9rminos de uso y aviso legal.<\/span><\/p>\n<p><span style=\"font-size: 16px;\">Al enviar un relato aceptas que este sea eliminado \u00fanicamente cuando los administradores estimen que no interfiere en el correcto funcionamiento de este sitio web, salvo que por las normas de uso deba ser eliminado. Se considera que un relato publicado en un medio p\u00fablico y gratuito (cuentorelatos.com lo es) es una aportaci\u00f3n voluntaria a un colectivo y que su eliminaci\u00f3n privar\u00eda a dicho colectivo del acceso a la informaci\u00f3n que contiene. As\u00ed mismo, eliminar un relato supone un perjuicio a los usuarios que lo valoran y\/o comentan, porque ver\u00edan disminuido su n\u00famero de valoraciones y\/o comentarios sin la debida explicaci\u00f3n (informar a todos y cada uno de estos usuarios es imposible).<\/span><\/p>\n<p><span style=\"font-size: 16px;\">Esta norma es tambi\u00e9n aplicable a los usuarios que pidan la baja voluntaria o cuyas cuentas sean eliminadas por los motivos previstos en los T\u00e9rminos de uso y aviso legal.<\/span><\/p>\n<p><span style=\"font-size: 16px;\">Con esta norma se pretende evitar, igualmente, que un usuario o varios alteren el correcto funcionamiento del sitio web publicando relatos para luego solicitar su eliminaci\u00f3n, con los trastornos que esto supone.<\/span><\/p>\n<p><span style=\"font-size: 16px;\"><strong>RESOLUCI\u00d3N DE INCIDENCIAS:<\/strong><\/span><\/p>\n<p><span style=\"font-size: 16px;\">En cuentorelatos.com somos conscientes de que tiene que prevalecer la libertad de expresi\u00f3n y por ello procuraremos ser comprensivos y analizar cada caso con la debida consideraci\u00f3n y reserva. Para lograrlo, se tomar\u00e1n las siguientes medidas en inter\u00e9s de todos:<\/span><\/p>\n<p><span style=\"font-size: 16px;\">1\u00ba- Los autores que, por cualquier raz\u00f3n, incumplan alguna de las normas expuestas ser\u00e1n avisados para que corrijan el incumplimiento en el menor plazo posible. Mientras tanto el relato o texto ser\u00e1 bloqueado.<\/span><\/p>\n<p><span style=\"font-size: 16px;\">2\u00ba- Si el autor que incumple las normas no responde o se niega a aceptarlas, recibir\u00e1 un aviso y procederemos a eliminar el relato de forma definitiva. En caso de reincidencia, cuentorelatos.com se reserva el derecho a tomar las medidas que estime oportunas.<\/span><\/p>\n<p><span style=\"font-size: 16px;\">3\u00ba- Cualquier decisi\u00f3n tendr\u00e1 car\u00e1cter cautelar en primera instancia (bloqueo del relato) y definitivo en segunda (publicaci\u00f3n o eliminaci\u00f3n del relato).<\/span><\/p>\n<div class=\"pvc_clear\"><\/div>\n<p id=\"pvc_stats_50710\" class=\"pvc_stats total_only  \" data-element-id=\"50710\" style=\"\"><i class=\"pvc-stats-icon medium\" aria-hidden=\"true\"><svg aria-hidden=\"true\" focusable=\"false\" data-prefix=\"far\" data-icon=\"chart-bar\" role=\"img\" xmlns=\"http:\/\/www.w3.org\/2000\/svg\" viewBox=\"0 0 512 512\" class=\"svg-inline--fa fa-chart-bar fa-w-16 fa-2x\"><path fill=\"currentColor\" d=\"M396.8 352h22.4c6.4 0 12.8-6.4 12.8-12.8V108.8c0-6.4-6.4-12.8-12.8-12.8h-22.4c-6.4 0-12.8 6.4-12.8 12.8v230.4c0 6.4 6.4 12.8 12.8 12.8zm-192 0h22.4c6.4 0 12.8-6.4 12.8-12.8V140.8c0-6.4-6.4-12.8-12.8-12.8h-22.4c-6.4 0-12.8 6.4-12.8 12.8v198.4c0 6.4 6.4 12.8 12.8 12.8zm96 0h22.4c6.4 0 12.8-6.4 12.8-12.8V204.8c0-6.4-6.4-12.8-12.8-12.8h-22.4c-6.4 0-12.8 6.4-12.8 12.8v134.4c0 6.4 6.4 12.8 12.8 12.8zM496 400H48V80c0-8.84-7.16-16-16-16H16C7.16 64 0 71.16 0 80v336c0 17.67 14.33 32 32 32h464c8.84 0 16-7.16 16-16v-16c0-8.84-7.16-16-16-16zm-387.2-48h22.4c6.4 0 12.8-6.4 12.8-12.8v-70.4c0-6.4-6.4-12.8-12.8-12.8h-22.4c-6.4 0-12.8 6.4-12.8 12.8v70.4c0 6.4 6.4 12.8 12.8 12.8z\" class=\"\"><\/path><\/svg><\/i> <img decoding=\"async\" width=\"16\" height=\"16\" alt=\"Loading\" src=\"https:\/\/www.cuentorelatos.com\/archivos\/wp-content\/plugins\/page-views-count\/ajax-loader-2x.gif\" =0 title=\"\"><\/p>\n<div class=\"pvc_clear\"><\/div>\n","protected":false},"excerpt":{"rendered":"<p>RECOMENDACIONES: 1\u00aa- Para asegurarte de que el relato se env\u00eda tal y como pretendes, es recomendable que lo edites en tu procesador de textos y lo pegues en el \u00e1rea del relato. 2\u00aa- Procura repasar el texto antes de enviarlo y corregir las faltas de ortograf\u00eda o de expresi\u00f3n. Ten en cuenta que gran parte [&hellip;]<\/p>\n<div class=\"pvc_clear\"><\/div>\n<p id=\"pvc_stats_50710\" class=\"pvc_stats total_only  \" data-element-id=\"50710\" style=\"\"><i class=\"pvc-stats-icon medium\" aria-hidden=\"true\"><svg aria-hidden=\"true\" focusable=\"false\" data-prefix=\"far\" data-icon=\"chart-bar\" role=\"img\" xmlns=\"http:\/\/www.w3.org\/2000\/svg\" viewBox=\"0 0 512 512\" class=\"svg-inline--fa fa-chart-bar fa-w-16 fa-2x\"><path fill=\"currentColor\" d=\"M396.8 352h22.4c6.4 0 12.8-6.4 12.8-12.8V108.8c0-6.4-6.4-12.8-12.8-12.8h-22.4c-6.4 0-12.8 6.4-12.8 12.8v230.4c0 6.4 6.4 12.8 12.8 12.8zm-192 0h22.4c6.4 0 12.8-6.4 12.8-12.8V140.8c0-6.4-6.4-12.8-12.8-12.8h-22.4c-6.4 0-12.8 6.4-12.8 12.8v198.4c0 6.4 6.4 12.8 12.8 12.8zm96 0h22.4c6.4 0 12.8-6.4 12.8-12.8V204.8c0-6.4-6.4-12.8-12.8-12.8h-22.4c-6.4 0-12.8 6.4-12.8 12.8v134.4c0 6.4 6.4 12.8 12.8 12.8zM496 400H48V80c0-8.84-7.16-16-16-16H16C7.16 64 0 71.16 0 80v336c0 17.67 14.33 32 32 32h464c8.84 0 16-7.16 16-16v-16c0-8.84-7.16-16-16-16zm-387.2-48h22.4c6.4 0 12.8-6.4 12.8-12.8v-70.4c0-6.4-6.4-12.8-12.8-12.8h-22.4c-6.4 0-12.8 6.4-12.8 12.8v70.4c0 6.4 6.4 12.8 12.8 12.8z\" class=\"\"><\/path><\/svg><\/i> <img decoding=\"async\" width=\"16\" height=\"16\" alt=\"Loading\" src=\"https:\/\/www.cuentorelatos.com\/archivos\/wp-content\/plugins\/page-views-count\/ajax-loader-2x.gif\" border=0 \/><\/p>\n<div class=\"pvc_clear\"><\/div>\n","protected":false},"author":1,"featured_media":0,"parent":0,"menu_order":0,"comment_status":"closed","ping_status":"closed","template":"","meta":{"footnotes":""},"class_list":["post-50710","page","type-page","status-publish"],"a3_pvc":{"activated":true,"total_views":3817,"today_views":3},"_links":{"self":[{"href":"https:\/\/www.cuentorelatos.com\/archivos\/wp-json\/wp\/v2\/pages\/50710","targetHints":{"allow":["GET"]}}],"collection":[{"href":"https:\/\/www.cuentorelatos.com\/archivos\/wp-json\/wp\/v2\/pages"}],"about":[{"href":"https:\/\/www.cuentorelatos.com\/archivos\/wp-json\/wp\/v2\/types\/page"}],"author":[{"embeddable":true,"href":"https:\/\/www.cuentorelatos.com\/archivos\/wp-json\/wp\/v2\/users\/1"}],"replies":[{"embeddable":true,"href":"https:\/\/www.cuentorelatos.com\/archivos\/wp-json\/wp\/v2\/comments?post=50710"}],"version-history":[{"count":3,"href":"https:\/\/www.cuentorelatos.com\/archivos\/wp-json\/wp\/v2\/pages\/50710\/revisions"}],"predecessor-version":[{"id":52678,"href":"https:\/\/www.cuentorelatos.com\/archivos\/wp-json\/wp\/v2\/pages\/50710\/revisions\/52678"}],"wp:attachment":[{"href":"https:\/\/www.cuentorelatos.com\/archivos\/wp-json\/wp\/v2\/media?parent=50710"}],"curies":[{"name":"wp","href":"https:\/\/api.w.org\/{rel}","templated":true}]}}